v - 4*n - 5, n = 0. What is the units digit of m(v)?
8
Suppose l + 2 = -l, -5*b + 3*l + 3 = 0. Suppose b*i = -i. Suppose -m + 2 = -i*m. What is the units digit of m?
2
Let t(u) = -u**2 - 16*u - 8. What is the units digit of t(-14)?
0
Let w(k) = -2*k**2 + 10*k + 14. What is the units digit of w(6)?
2
Suppose 0 = -3*a + 212 + 298. Suppose 4*j - a = -j. Let h = j + -24. What is the tens digit of h?
1
Let d be 33/6*(1 + -3). Let y = 16 - d. What is the units digit of y?
7
Let n(a) = -8*a**3 + a**2 - 2*a. Let h(r) = 17*r**3 - 3*r**2 + 4*r. Let l(y) = 3*h(y) + 7*n(y). What is the units digit of l(-2)?
6
What is the units digit of 103*(1 + 0/1)?
3
Let s(a) = 2*a**2 + 4*a + 12. What is the tens digit of s(-5)?
4
Suppose -z - 4*z + 30 = 0. Let c = z - 4. Let o = c + -1. What is the units digit of o?
1
Let i(l) be the first derivative of l**2 - 2*l**2 + 2*l**2 - 1 - 6*l. What is the units digit of i(5)?
4
Let x(r) = -r**2 + 13*r - 9. What is the tens digit of x(9)?
2
Let n(g) = -g - 10. Let p be n(-7). Let q = p - -6. Suppose -f = 5*m - 17, -4*m - q = -f - 2*m. What is the units digit of f?
7
Let j(y) = y**2 + 4*y + 5. Let g = -13 + 8. What is the tens digit of j(g)?
1
Suppose i - x - 11 = 32, -5*x + 31 = i. What is the units digit of i?
1
Let c(a) = -a + 2. Let j be c(-10). Suppose -4*r + j = -0*r. Suppose 8*x - r*x = 85. What is the units digit of x?
7
Suppose 12 = 2*m + 2*m. Let x be 3/(9/(-6) + 0). Let u = x + m. What is the units digit of u?
1
Suppose -5*n + o + 0*o = -19, -3*n = 5*o + 11. Suppose f = 4*b - 37, -n*b + 42 = 5*f - f. What is the units digit of b?
0
Let v(o) = -6*o + 14. What is the units digit of v(-5)?
4
Suppose 0 = 4*a - a - 9. Let p(i) = 10*i - 7. What is the units digit of p(a)?
3
Let s(y) = 5*y + 1. Let n(m) = -m**3 + 9*m**2 + 4. Let g be n(9). Let c be s(g). What is the units digit of 1*(-6)/(-9)*c?
4
Suppose -4*c - c + 2*w = -287, w = 2*c - 115. What is the tens digit of c?
5
Let j(m) = 13*m - 3. What is the units digit of j(4)?
9
Let b(w) = -2*w. Let z be b(-2). Suppose 0 = z*m + s - 20, -s = -5*m + s + 25. What is the units digit of m?
5
Let n = -80 + 140. What is the units digit of n?
0
Let o = 67 - 31. Suppose -2*z - o = -5*g, 3*g - 2*g - 9 = z. Let m(f) = f**3 - 5*f**2 - 7*f + 8. What is the units digit of m(g)?
2
Suppose -14 = -4*o - 2. Let l = 7 - o. Suppose -l*q + 4*j = -20, -2*j - 34 = -5*q - 0*j. What is the units digit of q?
8
Suppose 4*r = -d - 19, r + 0 = -4*d - 16. Let u = 8 - d. What is the units digit of u?
1
Suppose 11*c - 24 = 3*c. What is the units digit of c?
3
Let n(q) = q**2 - 13*q + 6. Let i be n(7). Let t = 57 + i. Let w = -15 + t. What is the units digit of w?
6
Suppose 2*t + 8 = 14. What is the units digit of 20 - (0 - (-5 + t))?
8
Suppose l - 5*r - 115 = 0, -r - 130 = -5*l + 325. What is the units digit of l?
0
Let b(y) = -39*y - 5. Let g(f) = f + 1. Let a(x) = -b(x) - 6*g(x). What is the tens digit of a(1)?
3
Let w = 44 + -30. What is the units digit of w/(-77) - 422/(-22)?
9
Let d(n) = -n + 49. Let x be d(0). Let g = x + -24. What is the units digit of g?
5
Suppose -2*f + h + 109 = 0, 5*h - h = f - 58. Let k = -38 + f. Let q = -8 + k. What is the units digit of q?
8
Let i(m) = -8*m. What is the tens digit of i(-3)?
2
Let d(r) = -9*r + 2. Let x(t) = -t**3 + 2*t**2 + 3*t - 2. Let b be x(3). What is the tens digit of d(b)?
2
Suppose 0 = 5*x + 2*d - 141, 5*x + 3*d = x + 117. What is the tens digit of x?
2
Suppose -4*g + 17 = 2*z + 1, -3*g = 5*z - 12. Suppose 3*a + 4 = g*a. Suppose -2*s + 9 = h, 4*s - a*h - 17 - 19 = 0. What is the units digit of s?
6
Let b = -1 + -1. What is the units digit of ((-6)/9)/(b/15)?
5
Suppose -2*i = -2*v - 8, 0*i + i + 2*v = 7. Suppose 3*x + x + i*d - 84 = 0, -5*d = 0. What is the tens digit of x?
2
Let l = -5 - -8. Let j = l - 1. Suppose 0*p - j*p + 4 = 0. What is the units digit of p?
2
Suppose 5*h - 25 = -0*h. Suppose -t + 2*i = 4*i + 4, -19 = -2*t + h*i. Suppose 5*m = -3*f - 0*m + 22, t*f = -5*m + 13. What is the units digit of f?
9
Let o be 3 + 1 + -1 - -18. Suppose -4*p + 5*f - o = 0, 2*f = -2*p + 7*f - 13. Let s = 6 + p. What is the units digit of s?
2
Let h(y) = y**3 + 4*y**2 + y - 3. Let m(g) = g**3 + 4*g**2 + g - 4. Let l = 13 - 9. Let u(z) = l*m(z) - 5*h(z). What is the units digit of u(-4)?
3
Suppose -4*m = -17*i + 13*i - 348, i + 443 = 5*m. What is the units digit of m?
9
Let r = -41 - -42. What is the units digit of r?
1
Suppose 5*f = -5 + 25. Let g = -1 - -1. Suppose -n = 4*n - f*l - 9, g = -4*n + 2*l + 6. What is the units digit of n?
1
Let z(f) = f**2 - f - 5. What is the units digit of z(-6)?
7
Let k(d) = d**2 - 2*d - 16. Let t be k(0). Let i = t - -38. What is the tens digit of i?
2
Let q be -4*(5 - (-2 - -1)). Let d = -37 - q. What is the units digit of 1 + (1 - 2 - d)?
3
Let g(w) = w**2 - 2*w - 5. Let z be g(4). Suppose -c - 4 = 3*f - 15, z*f = -4*c + 17. Let s = f + -1. What is the units digit of s?
2
Suppose t = -0*t - 1045. What is the tens digit of 2/12 + t/(-30)?
3
Let g = -6 - -1. Let r = 19 + g. What is the tens digit of r?
1
Let v(n) = 4*n + 3. What is the tens digit of v(10)?
4
Let a(y) = -y**2 - y + y + 3*y + 3 + 5*y. What is the units digit of a(6)?
5
Suppose -4*a = 2*m, -5*m + 4*a + 20 = -22. Suppose -3*r - 3 = -m. What is the units digit of r?
1
Let a(m) = -m**3 - 10*m**2 - 11*m + 21. What is the units digit of a(-9)?
9
Suppose 0 = -5*n + n - 5*o - 20, -2*o = -2*n + 8. Suppose 0 = -3*s - n*s + 228. Suppose 0 = -5*b - 2*p + s, -b + p - 59 = -5*b. What is the units digit of b?
4
Let g(z) = -6*z**3 - 3*z**2 + 6*z + 7. Let y(n) = -7*n**3 - 4*n**2 + 7*n + 8. Let i(q) = -6*g(q) + 5*y(q). What is the tens digit of i(4)?
2
Let i be (7/(-4))/(1/(-4)). Let b be 4/10*(-1 - -6). Suppose -17 = -b*m - i. What is the units digit of m?
5
Let h = 34 + -21. What is the units digit of h?
3
Let u = -23 - -37. Let h(x) = x**2 - 7*x + 3. Let l be h(5). Let m = l + u. What is the units digit of m?
7
Let q(t) = t**2 + 2*t - 3. Suppose -4*o - 2 - 14 = 0. Let f be q(o). Suppose w + 2 = f. What is the units digit of w?
3
Let a = -8 - -15. Suppose 0 = -i + a - 1. What is the units digit of i?
6
Let u = -1 + 6. Suppose -4*b + 39 = -3*b. Suppose 5*w - 2*y = -0*y + b, 5*y + 45 = u*w. What is the units digit of w?
7
Let q(m) = 16*m**2 + 7*m + 11. What is the units digit of q(-4)?
9
Let b be (4/(-10))/(3/(-30)). Let d = 10 - b. Suppose -u + d*u = 15. What is the units digit of u?
3
Suppose 0 = 4*t - 11 - 9. Let o(y) = y - 6. Let a be o(t). What is the tens digit of 5*(0 - 3)*a?
1
Let g(p) = -p - 14. Let z(f) = -f - 15. Let x(c) = 3*g(c) - 4*z(c). What is the units digit of x(11)?
9
Let d(q) = q**3 - 9*q**2 + 6*q + 12. Let t be d(8). Let s be (-1)/4 + (-123)/(-12). What is the units digit of s/t*(-60)/25?
6
Let g be 1/2 + 2/(-4). Suppose r - 12 - 10 = g. What is the tens digit of r?
2
Let l(j) = -2*j - 4. Let y(o) = -4*o - 8. Let t(n) = 9*l(n) - 4*y(n). What is the units digit of t(-4)?
4
Let p be 2/7 - (-234)/63. Let g be (4/(-5))/((-1)/5). Suppose -6*z - 5*l = -g*z - 17, 0 = -z + p*l + 2. What is the units digit of z?
6
Let y be (6/(-7))/(5/35). Let w = y - -7. What is the units digit of w?
1
Suppose 2274 = 33*u - 27*u. What is the hundreds digit of u?
3
Let c(z) = z**3 - 14*z**2 + 13*z + 26. What is the units digit of c(13)?
6
Let x(j) = j + 20. What is the units digit of x(17)?
7
What is the tens digit of -2 + (-28)/(-16) - (-1386)/8?
7
Let n = 29 + -21. Let r(k) = -k**2 + 10*k - 2. What is the tens digit of r(n)?
1
What is the units digit of 4/4 + -4 - -12?
9
Let o = 3 + -2. Suppose g - o = 3. Let v = g + -2. What is the units digit of v?
2
Suppose -55 = -2*d + 5*d + x, -d + 2*x - 30 = 0. Let k = d - -21. What is the units digit of k?
1
Suppose -u - 2*k - k + 47 = 0, 4*u - 2*k = 230. What is the tens digit of u?
5
What is the units digit of (-4)/22 + (-310)/(-11)?
8
Let d(y) = -y - 8. Let t = -5 + 5. Let h be d(t). Let i(o) = -o**3 - 9*o**2 - 9*o - 2. What is the units digit of i(h)?
6
Let o(q) = -q**3 + 7*q**2 + 9*q - 4. Let s(c) = -c**3 + 6*c**2 + 8*c - 4. Let r(b) = -2*o(b) + 3*s(b). What is the units digit of r(5)?
1
Let a = -66 - -94. What is the units digit of a?
8
Suppose -5*r + 89 = -3*b - r, -5*r = 4*b + 98. What is the tens digit of (-9 - 0)*63/b?
2
Let i